79, 653
What are the prime factors of 194917423?
194917423
What are the prime factors of 36410516?
2, 37, 246017
List the prime factors of 63262836.
2, 3, 7, 13, 41, 157
List the prime factors of 212493139.
212493139
What are the prime factors of 335204056?
2, 11, 3809137
What are the prime factors of 1855975239?
3, 31, 6652241
What are the prime factors of 150309488?
2, 7, 1342049
List the prime factors of 83150799.
3, 53, 522961
What are the prime factors of 109383474?
2, 3, 17, 1072387
List the prime factors of 81109456.
2, 499, 10159
What are the prime factors of 4572387211?
7, 509, 1283297
What are the prime factors of 60509992?
2, 73, 103613
What are the prime factors of 16858729?
16858729
List the prime factors of 511290708.
2, 3, 17, 379, 389
List the prime factors of 555828801.
3, 11, 16843297
List the prime factors of 1349795621.
1349795621
What are the prime factors of 109124758?
2, 1277, 42727
What are the prime factors of 503445650?
2, 5, 17, 592289
List the prime factors of 7812798508.
2, 2203, 886609
List the prime factors of 70283693.
79, 811, 1097
What are the prime factors of 71897905?
5, 2267, 6343
List the prime factors of 23345484.
2, 3, 1945457
List the prime factors of 58796930.
2, 5, 5879693
List the prime factors of 538879094.
2, 13, 20726119
List the prime factors of 44229530.
2, 5, 19, 131, 1777
List the prime factors of 2890860983.
79, 36593177
List the prime factors of 801781777.
373, 643, 3343
What are the prime factors of 494635415?
5, 98927083
List the prime factors of 176319444.
2, 3, 7, 17, 31, 569
List the prime factors of 64617641.
11, 5874331
List the prime factors of 29960524.
2, 11, 67, 10163
What are the prime factors of 229137481?
229137481
List the prime factors of 648854673.
3, 53, 4080847
List the prime factors of 36441865.
5, 1451, 5023
What are the prime factors of 235220658?
2, 3, 39203443
List the prime factors of 1081697402.
2, 540848701
List the prime factors of 382597146.
2, 3, 263, 80819
List the prime factors of 20087072.
2, 627721
What are the prime factors of 115242481?
61, 1889221
List the prime factors of 4828123779.
3, 1609374593
List the prime factors of 77387489.
77387489
List the prime factors of 240106170.
2, 3, 5, 8003539
What are the prime factors of 72854896?
2, 4553431
What are the prime factors of 4494438688?
2, 140451209
What are the prime factors of 503347153?
107, 4704179
List the prime factors of 27743183.
13, 41, 52051
List the prime factors of 278534808.
2, 3, 1289513
What are the prime factors of 35819400?
2, 3, 5, 59699
List the prime factors of 650204726.
2, 31, 227, 46199
What are the prime factors of 73912708?
2, 23, 803399
What are the prime factors of 346207480?
2, 5, 179, 48353
List the prime factors of 202581998.
2, 101290999
What are the prime factors of 1104447612?
2, 3, 199, 462499
What are the prime factors of 1009159987?
11, 91741817
List the prime factors of 77176408.
2, 23, 607, 691
List the prime factors of 506706479.
506706479
List the prime factors of 449473006.
2, 19, 11828237
What are the prime factors of 17142008?
2, 13, 31, 409
What are the prime factors of 549622510?
2, 5, 5647, 9733
What are the prime factors of 3403283088?
2, 3, 37, 107, 17909
List the prime factors of 1129791719.
7, 79, 2043023
What are the prime factors of 86737380?
2, 3, 5, 31, 46633
What are the prime factors of 455421774?
2, 3, 75903629
What are the prime factors of 29378433?
3, 7, 1398973
What are the prime factors of 561164009?
7, 389, 206083
List the prime factors of 7171907590.
2, 5, 717190759
List the prime factors of 54323710.
2, 5, 7, 193, 4021
What are the prime factors of 906913181?
906913181
List the prime factors of 923737442.
2, 31, 67, 3319
List the prime factors of 121702730.
2, 5, 12170273
What are the prime factors of 2547826329?
3, 17, 293, 170503
What are the prime factors of 102672697?
102672697
List the prime factors of 36157626.
2, 3, 991, 2027
List the prime factors of 231469234.
2, 115734617
What are the prime factors of 1211834?
2, 13, 127, 367
What are the prime factors of 40049269?
13, 3080713
List the prime factors of 7581097785.
3, 5, 29, 600959
What are the prime factors of 2189446989?
3, 59, 12369757
List the prime factors of 4833016747.
13, 371770519
List the prime factors of 24405885.
3, 5, 7, 77479
What are the prime factors of 22682809?
2657, 8537
What are the prime factors of 825373180?
2, 5, 967, 42677
What are the prime factors of 370198128?
2, 3, 19, 101, 4019
List the prime factors of 17288096.
2, 7, 113, 683
List the prime factors of 132789892.
2, 37, 897229
What are the prime factors of 534475258?
2, 47, 1163, 4889
What are the prime factors of 23196988?
2, 2027, 2861
What are the prime factors of 362510290?
2, 5, 1619, 22391
What are the prime factors of 100083412?
2, 11, 13, 19, 9209
What are the prime factors of 61705449?
3, 13, 13523
What are the prime factors of 792552334?
2, 7, 4177, 13553
What are the prime factors of 342602078?
2, 7, 13, 1882429
What are the prime factors of 47346749?
283, 293, 571
What are the prime factors of 43906551?
3, 13, 29, 38821
What are the prime factors of 91609702?
2, 17, 983, 2741
List the prime factors of 46178396.
2, 11, 1049509
List the prime factors of 124628465.
5, 13, 379, 5059
List the prime factors of 25925812.
2, 11, 293, 2011
What are the prime factors of 611769654?
2, 3, 71, 157, 3049
What are the prime factors of 58856982?
2, 3, 9809497
List the prime factors of 1307136152.
2, 7, 3334531
What are the prime factors of 302520200?
2, 5, 47, 32183
What are the prime factors of 60291223?
67, 97, 9277
List the prime factors of 1097673659.
643, 1707113
List the prime factors of 491969995.
5, 11, 73, 122533
What are the prime factors of 126298983?
3, 41, 439, 2339
List the prime factors of 229731893.
3581, 64153
What are the prime factors of 208370456?
2, 7, 1637, 2273
What are the prime factors of 129712430?
2, 5, 19, 682697
List the prime factors of 24111565.
5, 4822313
List the prime factors of 124940346.
2, 3, 227, 91733
List the prime factors of 1186427201.
1186427201
List the prime factors of 129419851.
11, 311, 37831
List the prime factors of 531313246.
2, 43, 6178061
List the prime factors of 102646070.
2, 5, 347, 29581
List the prime factors of 401219465.
5, 17, 4720229
What are the prime factors of 34048417?
13, 827, 3167
What are the prime factors of 18949878?
2, 3, 19, 67, 827
What are the prime factors of 533211229?
533211229
What are the prime factors of 302866263?
3, 7, 1249, 1283
What are the prime factors of 48166484?
2, 12041621
List the prime factors of 379913139.
3, 431, 32647
What are the prime factors of 17315234?
2, 1223, 7079
List the prime factors of 361342107.
3, 7, 31, 61673
List the prime factors of 68525009.
7, 127, 77081
What are the prime factors of 102868685?
5, 43, 478459
List the prime factors of 1561878133.
1561878133
What are the prime factors of 6216979329?
3, 11, 59, 307, 3467
What are the prime factors of 161578606?
2, 7, 43, 268403
List the prime factors of 3114362559.
3, 7, 11, 197, 68437
List the prime factors of 113939188.
2, 11, 53, 48859
List the prime factors of 143928748.
2, 35982187
What are the prime factors of 39345877?
1279, 30763
What are the prime factors of 61262937?
3, 6806993
What are the prime factors of 133505167?
133505167
List the prime factors of 1216144725.
3, 5, 17, 29, 31, 1061
List the prime factors of 3413698099.
7, 19, 25666903
List the prime factors of 122045695.
5, 24409139
What are the prime factors of 443881201?
53, 61, 251, 547
List the prime factors of 146915580.
2, 3, 5, 7, 499, 701
What are the prime factors of 72463890?
2, 3, 5, 2415463
List the prime factors of 211429212.
2, 3, 149, 118249
What are the prime factors of 721091260?
2, 5, 36054563
What are the prime factors of 49395897?
3, 17, 322849
What are the prime factors of 91636855?
5, 4013, 4567
What are the prime factors of 30145330?
2, 5, 31, 47, 2069
List the prime factors of 153495049.
53, 59, 191, 257
What are the prime factors of 229983179?
1877, 122527
What are the prime factors of 2994764846?
2, 17, 88081319
List the prime factors of 100531550.
2, 5, 7, 287233
List the prime factors of 1912532642.
2, 317, 3016613
List the prime factors of 91482204.
2